ne y(-3).
-6
Let n(y) = -y**3 - 7*y**2 + 3*y + 11. Calculate n(-7).
-10
Let s(y) = -95*y + 764. Give s(8).
4
Let k(h) = h**3 + 5*h**2 + 7*h + 7. Determine k(-3).
4
Let t(n) = n**2 + 14*n + 44. Determine t(-9).
-1
Let c(d) = -20*d**2 - 401*d - 29. Calculate c(-20).
-9
Let g(h) = 3*h + 17. Give g(-6).
-1
Let h(o) = -44*o - 260. What is h(-6)?
4
Let b(h) = -2*h + 11. Give b(10).
-9
Let y(c) = -c**3 + 11*c**2 - 6*c + 14. Calculate y(10).
54
Let x(w) = 10*w + 18. What is x(-1)?
8
Let z(w) = -w**2 + 11*w + 49. Give z(14).
7
Let b(i) = i**2 + 12*i + 56. Determine b(-13).
69
Let a(q) = -5*q - 55. Determine a(-10).
-5
Let g(z) = 3*z**2 - 15*z - 16. Determine g(-1).
2
Let x(u) = u - 3. Calculate x(-4).
-7
Let q(r) = r**2 - 12*r + 6. Give q(10).
-14
Let p(u) = -u - 6. What is p(-12)?
6
Let j(d) = d**3 - 22*d**2 + 21*d + 13. Calculate j(21).
13
Let q(b) = -35*b**2 + 1. Calculate q(1).
-34
Let m(w) = -2*w**2 - 55*w - 26. Calculate m(-27).
1
Let r(n) = n**3 + 5*n**2 - 11. Determine r(-5).
-11
Let w(o) = -o - 9. Give w(-9).
0
Let y(m) = -m + 15. Calculate y(12).
3
Let z(w) = -w**3 + 3*w**2 + 7*w - 6. Calculate z(4).
6
Let b(d) = -3*d - 6. Determine b(-6).
12
Let h(k) = -2*k**2 + 10*k - 9. Determine h(5).
-9
Let a(y) = y**2 + 6*y - 2. What is a(-5)?
-7
Let g(j) = j**3 + 8*j**2 - 2*j - 5. What is g(-7)?
58
Let f(b) = 8*b**2 - 169*b + 18. Calculate f(21).
-3
Let v(w) = -3*w**2 - 1. Give v(-1).
-4
Let h(z) = -52*z + 171. Determine h(3).
15
Let h(w) = -w**3 - 18*w**2 + 2*w - 16. Determine h(-18).
-52
Let p(f) = -2*f**2 - 7*f + 11. Give p(6).
-103
Let l(h) = 4*h - 8. Calculate l(7).
20
Let k(c) = 4*c**2 + 22*c + 18. What is k(-6)?
30
Let g(p) = -p**3 - 10*p**2 - 9*p + 7. Calculate g(-9).
7
Let h(d) = 7*d + 4. Give h(-7).
-45
Let k(v) = -v**3 + 61*v**2 - 121*v + 175. What is k(59)?
-2
Let d(q) = -q**2 + 11*q + 47. Calculate d(13).
21
Let m(h) = h**3 + 22*h**2 + h - 30. Determine m(-22).
-52
Let q(c) = 3*c + 26. Calculate q(0).
26
Let d(j) = -j**2 + 4*j + 37. Calculate d(8).
5
Let f(u) = -18*u**3 + 2*u**2 + 2*u - 3. Determine f(1).
-17
Let b(w) = -65*w + 149. Determine b(3).
-46
Let p(s) = -s**2 - 7*s. Calculate p(-8).
-8
Let v(x) = x + 8. Calculate v(-7).
1
Let y(c) = 3*c**3 + c**2 + 3*c - 1. Calculate y(2).
33
Let p(x) = x**3 - 19*x**2 + 31*x + 7. What is p(17)?
-44
Let j(h) = -2*h**3 - 60*h**2 - 3*h - 72. Determine j(-30).
18
Let z(r) = -r**3 + 4*r**2 + r - 1. Determine z(-1).
3
Let o(h) = -3*h**3 + 2*h**2 + 3*h + 2. Calculate o(-1).
4
Let g(d) = 12*d + 13. Calculate g(-1).
1
Let h(g) = 20*g + 50. Give h(-6).
-70
Let b(v) = v**2 + 5*v + 46. Determine b(0).
46
Let u(q) = q**3 - 12*q**2 - 20*q - 29. Determine u(14).
83
Let h(a) = -30*a**2. Calculate h(-2).
-120
Let a(m) = -2*m + 15. Calculate a(-6).
27
Let z(u) = 3*u**3 + 3*u + 2. Determine z(-1).
-4
Let i(m) = m**3 - 7*m**2 + 8*m - 8. Determine i(6).
4
Let w(d) = d**3 - 18*d**2 - 39*d - 10. Determine w(20).
10
Let r(t) = -t**2 - t - 8. Calculate r(0).
-8
Let l(s) = -9*s - 1. Give l(1).
-10
Let h(c) = 4*c - 56. Determine h(16).
8
Let a(r) = -2*r - 13. What is a(-9)?
5
Let j(p) = 15*p + 41. Determine j(-3).
-4
Let h(d) = 9*d**3 + 3*d**2 + 6*d + 1. Calculate h(-1).
-11
Let m(d) = -d**3 + 10*d**2 - 3*d - 9. Determine m(9).
45
Let q(o) = 4*o - 6. Calculate q(5).
14
Let l(n) = -n + 31. Give l(0).
31
Let w(b) = b**2 + 3*b - 2. Give w(-6).
16
Let h(m) = -m**2 - 11*m - 5. What is h(-9)?
13
Let x(r) = 108*r - 532. Determine x(5).
8
Let y(c) = 2*c + 2. Calculate y(1).
4
Let z(r) = 2*r + 61. Give z(-15).
31
Let a(l) = -l**3 + 8*l**2 + 10*l - 11. Give a(9).
-2
Let c(j) = -10*j**2 + 2. Determine c(-1).
-8
Let z(a) = a**3 - 7*a**2 + 3*a + 13. Give z(6).
-5
Let d(n) = n**3 - 4*n**2 + 4*n + 8. What is d(7)?
183
Let f(q) = q + 10. Give f(-15).
-5
Let g(l) = l**3 + 6*l**2 + 5*l + 5. What is g(-5)?
5
Let q(g) = g**2 - 16*g + 63. Give q(10).
3
Let g(l) = l**3 + 4*l**2 + l - 3. What is g(-3)?
3
Let n(h) = -5*h**2 + 27*h - 9. What is n(9)?
-171
Let q(t) = -140*t**2 + 3*t + 1. What is q(-1)?
-142
Let w(g) = -2*g**3 - g**2 + 8*g + 14. What is w(-2)?
10
Let m(w) = 4*w**2 - w - 2. Determine m(-2).
16
Let t(w) = 3*w**2 - 16*w + 5. Give t(4).
-11
Let g(j) = 2*j**2 + 13*j - 19. Determine g(-11).
80
Let i(o) = 11*o - 48. Give i(4).
-4
Let i(p) = p**3 + 4*p**2 + 6*p + 64. Calculate i(-5).
9
Let g(w) = -w**3 + 6*w**2 + 3*w + 42. Give g(7).
14
Let b(h) = 5*h - 45. Determine b(17).
40
Let r(h) = 6*h**2 + 7*h - 1. What is r(-2)?
9
Let y(l) = -2*l. What is y(-6)?
12
Let v(p) = -3*p - 5. Calculate v(-6).
13
Let o(u) = -8*u**2 + 7*u - 5. Determine o(1).
-6
Let w(j) = 6*j + 4. Determine w(-1).
-2
Let l(v) = -v**3 + 7*v**2 - 7*v - 5. Give l(6).
-11
Let s(i) = 2*i**2 + 15*i - 9. What is s(-9)?
18
Let i(q) = -2*q + 6. Determine i(-8).
22
Let m(y) = -y**3 + 7*y**2 - 2*y - 2. Give m(7).
-16
Let w(s) = 251*s - 1252. Determine w(5).
3
Let l(m) = -m**2 + 2*m. Calculate l(-4).
-24
Let i(q) = 2*q + 29. Calculate i(-17).
-5
Let n(f) = f**3 - 19*f**2 - f + 30. Calculate n(19).
11
Let v(k) = k**2 - 22*k + 31. Determine v(20).
-9
Let d(y) = -5*y - 8. Calculate d(-7).
27
Let i(n) = n**3 + n**2 - n - 3. Calculate i(0).
-3
Let p(k) = -k**2 + 5*k + 12. What is p(8)?
-12
Let m(v) = v**3 + 7*v**2 + 6*v. What is m(-6)?
0
Let j(v) = -2*v**2 + 46*v - 246. What is j(14)?
6
Let y(k) = -k**3 - 13*k**2 + 13*k + 50. What is y(-14)?
64
Let z(j) = j**2 + 10*j - 72. Determine z(-10).
-72
Let b(u) = -u**2 - 32*u - 34. Determine b(-22).
186
Let v(l) = -l**2 + 26*l + 154. What is v(31)?
-1
Let s(z) = -3*z**3 + 76*z**2 - 30*z + 128. Give s(25).
3
Let g(s) = s**3 - 11*s**2 + 11*s + 1. Determine g(10).
11
Let a(i) = 13*i + 8. Determine a(-4).
-44
Let b(p) = -p**3 + 7*p**2 - 3*p - 7. Give b(6).
11
Let d(s) = 8*s + 10. What is d(-2)?
-6
Let w(z) = 2*z**3 + 3*z**2 + 2*z - 6. Determine w(-4).
-94
Let d(g) = -g**2 - 21*g - 74. Give d(-5).
6
Let q(g) = -9*g + 3. Determine q(-9).
84
Let w(a) = 17*a - 480. Determine w(28).
-4
Let f(t) = -3*t - 25. Calculate f(-9).
2
Let r(u) = -19*u + 61. What is r(3)?
4
Let d(a) = 29*a - 2. Determine d(1).
27
Let s(z) = 4*z + 2. Calculate s(5).
22
Let x(p) = -p**2 + 7*p - 3. Determine x(6).
3
Let q(f) = f**3 - 19*f**2 + 13*f + 83. Give q(18).
-7
Let g(q) = -2*q - 9. What is g(-5)?
1
Let a(y) = 10*y + 106. Give a(-10).
6
Let u(x) = 3*x**3 - 10*x**2 + 11*x - 5. Determine u(3).
19
Let a(x) = -x**2 + 10. Determine a(7).
-39
Let j(y) = -8*y - 8. Give j(-6).
40
Let o(f) = f**3 - 2*f**2 + 2*f + 3. Calculate o(4).
43
Let y(f) = -f**3 + 7*f**2 + 5*f. Determine y(6).
66
Let w(q) = -q**2 + 20*q + 6. What is w(20)?
6
Let w(u) = u**2 + 8*u + 1. Give w(-7).
-6
Let i(r) = -r**3 - 31*r**2 + 67*r + 60. Calculate i(-33).
27
Let z(i) = -7*i + 39. What is z(6)?
-3
Let n(u) = u**3 + 6*u**2 + 2*u + 13. Calculate n(-6).
1
Let h(f) = -f**3 - 35*f**2 - 38*f - 147. Calculate h(-34).
-11
Let i(q) = q**3 - 4*q**2 + 12. Give i(3).
3
Let d(c) = 14*c - 4. Calculate d(2).
24
Let p(x) = -x**3 - 7*x**2 + 7*x - 16. Determine p(-8).
-8
Let g(x) = 8*x - 5. Determine g(2).
11
Let c(x) = -18*x + 142. Give c(8).
-2
Let w(v) = -5*v - 4. Give w(7).
-39
Let r(l) = -l**3 + 7*l**2 - 16*l + 7. Determine r(3).
-5
Let g(l) = -l + 32. Determine g(10).
22
Let o(t) = -2*t + 1. Calculate o(-1).
3
Let l(n) = 122*n**2 - 1. Calculate l(-1).
121
Let j(b) = b**2 + 4*b + 11. What is j(-4)?
11
Let d(g) = g**3 + 6*g**2 + 8*g + 9. Determine d(-4).
9
Let n(z) = -z**3 + 6*z**2 + z - 7. Give n(6).
-1
Let f(r) = 3*r - 5. Calculate f(5).
10
Let b(w) = -w**2 - 6*w + 1. What is b(4)?
-39
Let u(i) = 2*i**2 - 41*i + 68. Calculate u(18).
-22
Let m(v) = -4*v**2 - 15*v + 13. Give m(-5).
-12
Let t(c) = -c**3 - 20*c**2 - 15*c + 85. What is t(-19)?
9
Let u(s) = 2*s - 22. Calculate u(-7).
-36
Let j(i) = -i**2 + 18*i + 68. Determine j(22).
-20
Let g(m) = -m - 27. Calculate g(-8).
-19
Let g(a) = -a**2 - 60*a + 399. Calculate g(-66).
3
Let v(w) = w**2 - 2*w + 3. Give v(2).
3
Let d(b) = -b**3 - 9*b**2 + 4*b + 42. Determine d(-9).
6
Let g(w) = -3*w - 44. Give g(-12).
-8
Let r(t) = t**3 + 24*t**2 + 30*t + 158. What is r(-23)?
-3
Let a(l) = l**3 + 14*l**2 + 26*l + 11. Calculate a(-12).
-13
Let y(h) = 2*h**2 + 2*h - 8. Determine y(2).
4
Let b(o) = o**3 - 12*o**2 + 13*o - 16. Calculate b(11).
6
Let k(c) = c**2 - 7*c - 23. Determine k(10).
7
L